git of 67881091?
9
What is the hundreds digit of 460072521?
5
What is the hundred thousands digit of 151118018?
1
What is the ten millions digit of 40543549?
4
What is the billions digit of 6118539160?
6
What is the hundreds digit of 130239750?
7
What is the tens digit of 698090501?
0
What is the millions digit of 346021296?
6
What is the ten thousands digit of 10974521?
7
What is the ten thousands digit of 61115835?
1
What is the units digit of 271247426?
6
What is the ten thousands digit of 1450777306?
7
What is the ten millions digit of 122528097?
2
What is the thousands digit of 123947401?
7
What is the ten thousands digit of 841180969?
8
What is the ten millions digit of 107720534?
0
What is the millions digit of 377023106?
7
What is the ten millions digit of 65564640?
6
What is the hundred millions digit of 938722275?
9
What is the units digit of 57450577?
7
What is the ten millions digit of 41040368?
4
What is the hundred thousands digit of 27591846?
5
What is the ten thousands digit of 2094580163?
8
What is the ten thousands digit of 17377437?
7
What is the hundreds digit of 17498654?
6
What is the millions digit of 44757744?
4
What is the hundred thousands digit of 933001390?
0
What is the ten thousands digit of 1574856914?
5
What is the hundred thousands digit of 5431089072?
0
What is the hundred thousands digit of 31287819?
2
What is the ten thousands digit of 70449312?
4
What is the ten thousands digit of 271398642?
9
What is the tens digit of 770724350?
5
What is the millions digit of 459202130?
9
What is the ten millions digit of 84275641?
8
What is the thousands digit of 5759906186?
6
What is the tens digit of 1388461228?
2
What is the billions digit of 1196316567?
1
What is the units digit of 64204747?
7
What is the hundred millions digit of 155998753?
1
What is the tens digit of 48294953?
5
What is the ten millions digit of 118986277?
1
What is the tens digit of 41574663?
6
What is the hundred millions digit of 530332155?
5
What is the ten millions digit of 63675738?
6
What is the hundreds digit of 6628303289?
2
What is the hundreds digit of 473176578?
5
What is the ten thousands digit of 696741239?
4
What is the thousands digit of 71535114?
5
What is the units digit of 18721948?
8
What is the tens digit of 1156985615?
1
What is the hundreds digit of 514121489?
4
What is the ten thousands digit of 68262648?
6
What is the tens digit of 49283986?
8
What is the hundreds digit of 5913799213?
2
What is the hundred millions digit of 129633884?
1
What is the millions digit of 611115380?
1
What is the hundred thousands digit of 2805219967?
2
What is the thousands digit of 2022495851?
5
What is the millions digit of 230012019?
0
What is the hundred millions digit of 3447163554?
4
What is the millions digit of 311294268?
1
What is the hundred thousands digit of 14675180?
6
What is the ten millions digit of 401576234?
0
What is the hundreds digit of 448657525?
5
What is the hundred millions digit of 253593404?
2
What is the hundred thousands digit of 44556046?
5
What is the millions digit of 223028850?
3
What is the millions digit of 22796516?
2
What is the millions digit of 3226588753?
6
What is the units digit of 19232783?
3
What is the tens digit of 260807798?
9
What is the units digit of 43284520?
0
What is the thousands digit of 694962947?
2
What is the ten millions digit of 630394763?
3
What is the thousands digit of 4407661809?
1
What is the ten millions digit of 13634485?
1
What is the units digit of 2892317978?
8
What is the thousands digit of 290947697?
7
What is the hundred thousands digit of 43167524?
1
What is the millions digit of 237513473?
7
What is the billions digit of 3816703933?
3
What is the hundred millions digit of 104100292?
1
What is the ten thousands digit of 102603596?
0
What is the units digit of 334321868?
8
What is the hundred millions digit of 263170477?
2
What is the hundred millions digit of 1086300136?
0
What is the hundred thousands digit of 8350900?
3
What is the hundreds digit of 5968300232?
2
What is the hundreds digit of 175980867?
8
What is the millions digit of 293661350?
3
What is the ten thousands digit of 40811637?
1
What is the ten millions digit of 2480389170?
8
What is the tens digit of 551209611?
1
What is the hundred thousands digit of 5935289912?
2
What is the hundred thousands digit of 23013354?
0
What is the units digit of 255159393?
3
What is the thousands digit of 3160861706?
1
What is the tens digit of 425026333?
3
What is the hundreds digit of 668301710?
7
What is the millions digit of 1164409451?
4
What is the ten millions digit of 37923364?
3
What is the hundreds digit of 1760071519?
5
What is the hundreds digit of 673378552?
5
What is the ten millions digit of 32416338?
3
What is the ten millions digit of 78127093?
7
What is the thousands digit of 64185033?
5
What is the billions digit of 3675197451?
3
What is the ten thousands digit of 52079594?
7
What is the hundreds digit of 65108156?
1
What is the hundred thousands digit of 290376930?
3
What is the ten thousands digit of 65883921?
8
What is the hundred thousands digit of 1421486987?
4
What is the ten millions digit of 2861085063?
6
What is the ten millions digit of 48931136?
4
What is the millions digit of 15375889?
5
What is the hundred thousands digit of 2560206105?
2
What is the hundred millions digit of 655246828?
6
What is the hundreds digit of 1521442211?
2
What is the hundred thousands digit of 94984509?
9
What is the hundred thousands digit of 987851134?
8
What is the hundred thousands digit of 6643823?
6
What is the hundred millions digit of 149621587?
1
What is the ten thousands digit of 1563566680?
6
What is the billions digit of 1752772086?
1
What is the thousands digit of 318617021?
7
What is the millions digit of 74088268?
4
What is the ten millions digit of 31325760?
3
What is the hundreds digit of 420857336?
3
What is the hundred millions digit of 549271950?
5
What is the units digit of 265061708?
8
What is the hundreds digit of 74999557?
5
What is the ten millions digit of 211583348?
1
What is the hundreds digit of 60246354?
3
What is the ten millions digit of 85202260?
8
What is the thousands digit of 72131447?
1
What is the units digit of 44673408?
8
What is the hundreds digit of 1880693965?
9
What is the thousands digit of 6029370770?
0
What is the hundred thousands digit of 2007398769?
3
What is the units digit of 473080063?
3
What is the hundreds digit of 7715165?
1
What is the hundreds digit of 154531604?
6
What is the ten thousands digit of 2268796985?
9
What is the hundred thousands digit of 5765866?
7
What is the ten thousands digit of 249454398?
5
What is the hundreds digit of 57642845?
8
What is the ten millions digit of 1047813841?
4
What is the ten thousands digit of 58363652?
6
What is the millions digit of 90552751?
0
What is the millions digit of 35354196?
5
What is the millions digit of 874642643?
4
What is the thousands digit of 114413016?
3
What is the thousands digit of 229157619?
7
What is the tens digit of 580159490?
9
What is the hundred millions digit of 119531541?
1
What is the ten millions digit of 4167184748?
6
What is the thousands digit of 304139780?
9
What is the hundred thousands digit of 1495774018?
7
What is the ten millions digit of 232110721?
3
What is the ten thousands digit of 69283964?
8
What is the ten thousands digit of 333260932?
6
What is the ten thousands digit of 258798945?
9
What is the hundreds digit of 269509599?
5
What is the hundred millions digit of 501042745?
5
What is the units digit of 870391105?
5
What is the thousands digit of 241090387?
0
What is the millions digit of 1941488222?
1
What is the tens digit of 483437529?
2
What is the ten thousands digit of 509649453?
4
What is the hundreds digit of 525927094?
0
What is the ten millions digit of 344411752?
4
What is the units digit of 91503954?
4
What is the hundred thousands digit of 77811641?
8
What is the thousands digit of 94799680?
9
What is the tens digit of 2191839993?
9
What is the hundreds digit of 11670080?
0
What is the hundreds digit of 71767749?
7
What is the ten millions digit of 38440079?
3
What is the ten thousands digit of 238818950?
1
What is the thousands digit of 182341284?
1
What i